20 = x. Calculate the highest common divisor of 12 and x.
12
Let p(g) = -24*g - 26. Let c be p(-4). Let v be (-74)/(-8) - -1 - (-10)/(-40). Calculate the greatest common factor of c and v.
10
Suppose 16 = g + 11. Suppose 3*x - 2*c - 56 = -3*c, c - 92 = -g*x. Suppose 5*y + 25 = 0, -3*y - 11 = t + y. Calculate the highest common factor of x and t.
9
Suppose -1715 - 3181 = -8*o. Calculate the greatest common divisor of 24 and o.
12
Let g be (0/(-2))/(-1 - 0). Let q(v) = v**2 + 6*v - 14. Let h be q(-8). Suppose g = -h*l + 29 + 61. Calculate the greatest common factor of l and 18.
9
Let z(w) be the first derivative of 2*w**3/3 + 3*w**2/2 + 6*w - 18. Let s be z(-2). Calculate the greatest common divisor of s and 4.
4
Let s = 43 - 29. Suppose s = -3*l - 4*l. Let q be (-7 - -4) + (-62)/l. What is the highest common factor of q and 7?
7
Let q(s) = -s**2 + 22*s - 106. Let m be q(8). What is the greatest common factor of 174 and m?
6
Let q be 25/(-70)*4*-49. Calculate the highest common divisor of q and 20.
10
Let y = 5 - -5. What is the greatest common factor of 40 and y?
10
Let r be 185193/190 + (-12)/(-40). Calculate the highest common factor of 150 and r.
75
Suppose 0 = 6*w - 12 - 0. Let y be ((-147)/(-63))/(w/24). What is the highest common factor of y and 84?
28
Suppose 17*f = 562 + 67. Calculate the highest common divisor of 481 and f.
37
Suppose 5*a - 524 = -4*s + 420, -756 = -4*a - 4*s. Calculate the highest common divisor of a and 141.
47
Suppose -15 = 5*g, -j + 0*j - g + 5 = 0. What is the highest common divisor of 152 and j?
8
Let k = 27 - 5. Let l = 421 - 124. Let v = l + -187. What is the highest common factor of v and k?
22
Let i = 171 + -100. Let m = 79 - i. What is the highest common divisor of m and 12?
4
Suppose -3*r - 4*b = -19, 0 = -4*r + b + 71 - 14. Let k be 2/(-8) - r/4*-21. Suppose 0 = -5*n + 74 + 11. Calculate the greatest common factor of n and k.
17
Let r = 3 + -18. Let c(m) = m**3 + 15*m**2 - 3*m - 15. Let n be c(r). What is the greatest common divisor of n and 20?
10
Let n = 1044 + -699. Calculate the greatest common factor of 69 and n.
69
Let w be -1 - (-12)/30*1205. Calculate the greatest common divisor of w and 259.
37
Suppose 11*o = 865 + 2831. What is the highest common factor of o and 144?
48
Suppose 6*c - 522 = 3*c - 2*i, -2*c = 4*i - 356. What is the greatest common divisor of c and 43?
43
Let l = 148 + 175. What is the greatest common factor of l and 17?
17
Suppose z = -w - 2*z + 12, -3*z = -w - 6. Suppose -139 = w*a - 418. What is the highest common factor of 62 and a?
31
Let s be 1/5*2*(21 - 1). Let i = 130 + -74. What is the highest common divisor of i and s?
8
Let b be ((-117)/26)/(28/16 + -2). What is the highest common factor of b and 576?
18
Suppose 0 = 5*n + w - 593, -3*n + 4*w = 2*w - 348. Suppose 0 = i - 4*i + 4*r + n, 4*i = -4*r + 148. What is the highest common divisor of i and 2?
2
Let b(w) be the second derivative of w**4/6 - w**3/6 + 2*w. Let x be b(-1). Let u be 150/(-20) - -11 - 2/4. What is the greatest common factor of x and u?
3
Let f = -73 + 123. Let x = -18 + f. What is the highest common divisor of x and 16?
16
Suppose g - 3*q = 7, -2*q = -5*g - 0*q + 100. Let z be (-29 + 3)*g/(-4). Let i be ((221/39)/17)/((-1)/(-39)). Calculate the highest common factor of z and i.
13
Let q be (-168)/(-378)*(-285)/(-4)*36. Calculate the greatest common divisor of q and 120.
60
Suppose -2*z - 55 = -293. Calculate the highest common divisor of z and 17.
17
Suppose -167*x + 312 = -161*x. Calculate the highest common divisor of 104 and x.
52
Suppose 2*d = 13 + 19. Let n be 1 + (d - (0 + 0)). Suppose -2*z + 3 = -n. What is the highest common divisor of 30 and z?
10
Suppose -b + 60 = 4*b. Let k = -5235 - -5289. What is the greatest common divisor of b and k?
6
Let v be (-4)/8*(5 + -743). Suppose 3*n = n + 78. Suppose 5*i + n - 244 = 0. Calculate the highest common divisor of v and i.
41
Suppose -10 - 6 = -4*c. Suppose c*j = -0*j + 32. Suppose 208 = 3*g - 2*l, 137 = 2*g + l - 11. What is the greatest common divisor of g and j?
8
Let s be (-1)/2 + (-513)/(-18). Calculate the highest common factor of s and 12.
4
Let t(d) = 25*d - 25. Let a be t(8). Suppose 24 = -z + 94. Calculate the highest common divisor of z and a.
35
Suppose 3*r = -0*r + 57. Let x(m) = -m**2 + 20*m - 5. Let w be x(r). Suppose -w*g - 120 = -19*g. What is the greatest common divisor of g and 216?
24
Suppose q = 6*q - 175. Let a = 4 - -2. Let j be -3 + a - (-1 - 3). What is the greatest common divisor of q and j?
7
Suppose 0 = 6*i + 141 - 1005. What is the highest common divisor of i and 72?
72
Let a(i) = i**3 - 6*i**2 - 5*i + 3. Let p = 39 + -32. Let k be a(p). What is the highest common divisor of k and 85?
17
Let l = -45 - -61. Calculate the greatest common divisor of 32 and l.
16
Suppose 2*l + 165 = 3*l. Let n be 0/(-1) - (-76)/(-19). Let y be (45/(-6))/(2/n). What is the highest common factor of l and y?
15
Let j be (20/(-12))/(1/3*-1). Suppose -m + 0*l + 6 = j*l, 5*m = l + 108. What is the greatest common factor of 3 and m?
3
Suppose -10*o - 31 = -391. What is the greatest common factor of 24 and o?
12
Let t be (1 - (-2596)/6) + 92/69. What is the greatest common divisor of 522 and t?
87
Suppose c - 2*p - 3 = p, p - 9 = -3*c. Suppose -48 = -g - c*d, g - 4 = -5*d + 44. Calculate the greatest common factor of 6 and g.
6
Let s be 84/8*(-2)/3. Let f be (4 + s)/(1/(-3)). Suppose 5*b = f + 21. What is the highest common divisor of 6 and b?
6
Let r(x) = -2*x**2 - 8*x + 6. Let t be r(-3). Calculate the highest common divisor of 228 and t.
12
Let g = -46 + 53. Let c be ((15/6)/(-1) - 4)*-14. What is the greatest common divisor of g and c?
7
Let g = 53 + -43. Calculate the greatest common divisor of 1390 and g.
10
Let m = 423 - 417. Calculate the highest common divisor of 34 and m.
2
Let m = 5889 - 5733. Suppose 0 = 5*p - 2*r - 122, 2*p + 4*r = 14 + 30. Let j = 2 + p. Calculate the greatest common factor of j and m.
26
Let h = 12 + -1. Let m = 19 - h. Calculate the greatest common factor of m and 32.
8
Suppose -4*h + 107 = -317. Suppose -4*b = -3*b - r - 22, 3*b + 5*r - h = 0. Calculate the highest common factor of 9 and b.
9
Suppose c - 3*q - 29 = 0, 5*c - 6*q + 4*q = 158. What is the greatest common factor of 104 and c?
8
Let k be 2/(-7) + 1334*(-4)/(-56). What is the highest common factor of 1045 and k?
95
Let k(c) = -c**3 - 2*c**2 + c. Let h be k(-2). Let b be (6/8)/((-3)/(-178 + h)). What is the greatest common divisor of 30 and b?
15
Suppose 0 = 3*r - 2*r - 2, -2*o - 4*r = -36. Let q be 278/10 + 39/195. What is the highest common factor of q and o?
14
Let z(g) = g**3 - 10*g**2 - 4*g - 2. Let p(j) = -j + 20. Let c be p(9). Let x be z(c). What is the highest common factor of x and 25?
25
Let o(z) = -50*z**3 + 3*z**2 - 5*z - 2. Let g be o(-3). What is the highest common divisor of 10 and g?
10
Let i = 23 - 15. Suppose 10*w + i = 14*w. Suppose -j + 5*j - 8 = 0. Calculate the greatest common divisor of w and j.
2
Let l(v) = v**2 - 2*v + 40. Let s be l(0). Let k(g) = -g**2 + 14*g - 5. Let t be k(5). What is the highest common divisor of s and t?
40
Suppose 0 = 16*h - 4 - 12. Let s = -11 - -19. What is the highest common divisor of s and h?
1
Suppose 0 = -a + 12 + 6. What is the highest common factor of a and 8?
2
Suppose 3*k - 5*z = 147, -3*z + 0*z - 9 = 0. Let x(f) = f**3 + 14*f**2 + 17*f + 26. Let t be x(-12). What is the greatest common divisor of t and k?
22
Suppose 4*v + 1 = -3*r + 17, -v = -5*r + 42. Let b = r + -6. Suppose -b*x - 13 = -3*x. Calculate the greatest common divisor of 13 and x.
13
Suppose -10*r + 78 + 242 = 0. Let c(j) = j**3 - 10*j**2 - 9*j - 6. Let a be c(11). Calculate the highest common divisor of r and a.
16
Let p = -38 - -3. Let d = 35 - p. What is the highest common divisor of d and 14?
14
Suppose 4*s + u = 196, 101*s + u = 106*s - 236. What is the greatest common divisor of 160 and s?
16
Let l be ((-1140)/18)/((-2)/(-3) + -1). Suppose 0 = 11*i - 13*i + 2*d + 86, -4*i - 2*d = -l. Calculate the highest common factor of i and 230.
46
Let n = -935 - -1595. What is the highest common factor of n and 12?
12
Let g(u) = -7*u - 3. Let q be g(-4). Suppose 5*h - 47 - 118 = 5*s, h = -2*s + 30. Suppose -10*t = -18 - h. What is the gre